 3*w. List the prime factors of h.
331
Let c(l) = 357*l**3 + 3*l**2 + 153*l - 647. List the prime factors of c(4).
22861
Suppose -11*v - 3*v = -184716. What are the prime factors of v?
2, 3, 733
Suppose 317 = -16*y - 5187. Let l = y + 482. What are the prime factors of l?
2, 3, 23
Let c = -7 - -5. Let l(t) be the third derivative of 3*t**5/10 + t**4/6 + t**3/2 - 2*t**2 + 34*t. What are the prime factors of l(c)?
67
Suppose 3*w + 5*w - 40 = 0. Let y be (11 - -4)/w - -53. Let j = y - 4. List the prime factors of j.
2, 13
Suppose 20*z - 47439 - 5673 = 86328. What are the prime factors of z?
2, 3, 7, 83
Let d be 52/(-20) + 2 + 48/(-20). Let p(w) = -141*w + 9. What are the prime factors of p(d)?
2, 3
Let j(n) = 1113*n + 3002. What are the prime factors of j(24)?
2, 83, 179
Suppose -b + 1 = -2*m - 3, -3*m - 6 = -3*b. List the prime factors of 5 - m - (17 + -67).
3, 19
Let b(m) = -2*m**3 - 84*m**2 - 108*m - 130. What are the prime factors of b(-41)?
2, 3, 13
What are the prime factors of -92408*-1*6*(-11)/(-264)?
2, 11551
Let u be (-12 + (-4 - -4))*-678. Let b be (-4)/(-10) - u/(-60). Let t = b - 80. What are the prime factors of t?
2, 7
Let q = 5931 + 1550. What are the prime factors of q?
7481
Suppose 13554 = -0*o + 6*o. Suppose -43 = 4*v - o. What are the prime factors of 1/5 - (-4)/20*v?
3, 37
Suppose 2*x - 2*j - 114 = 0, x = -4*x + j + 289. Let b be (459/6)/(4/8). Let z = b - x. What are the prime factors of z?
5, 19
Suppose 434*b - 38928 = 410*b. What are the prime factors of b?
2, 811
Let k = 463 - -467. Suppose -8*f = 7*f - k. What are the prime factors of f?
2, 31
Suppose -13*s + 66313 + 321851 = 15*s. What are the prime factors of s?
3, 4621
What are the prime factors of (-59635)/15*-3 - -13?
2, 3, 5, 199
Suppose -241*g = -234*g + 931. Suppose 4*m = -3*l + 667, 3*l - 158 = 2*m + 503. Let a = g + l. List the prime factors of a.
2, 11
Let h(k) = k**3 - 2*k**2 - k + 1. Let y(f) = -7*f**3 + 10*f**2 + 24*f + 6. Let n(r) = -6*h(r) - y(r). List the prime factors of n(10).
2, 3, 7
Suppose 12*p - 540 = 8*p. Let r = -135 + p. Suppose -q + 5*q - 672 = r. What are the prime factors of q?
2, 3, 7
Let b = -157 - -702. What are the prime factors of -5 - (0 + (1 - b))?
7, 11
Let c be (180/7)/(123/574). Let k = 148 + c. List the prime factors of k.
2, 67
Let w = -645 - -713. What are the prime factors of 45458/w - ((-6)/(-4) + -2)?
3, 223
Let r be ((-12)/8)/(6/(-468)). Let d = r - 19. List the prime factors of d.
2, 7
Let i be (-1)/(-2) + ((-462)/(-4) - -2). Let b = i - 37. Suppose x - b = -4*a, 4*a = -2*x - 0*a + 174. What are the prime factors of x?
3, 31
Let f(d) be the first derivative of 2*d**3/3 + 15*d**2/2 - 33*d - 80. List the prime factors of f(18).
3, 5, 59
Suppose 2*w + 2*t = 1230, 49*w = 52*w + 2*t - 1845. Suppose -2*h = 4*p - 1928, w = 3*h + 4*p - 2271. List the prime factors of h.
2, 479
Let g be (-261)/6*(-42)/9. Let y = g - 137. Suppose 65*i - y*i + 164 = 0. List the prime factors of i.
2, 41
Suppose -225 - 545 = -10*n. Let j = 203 - n. Suppose 0 = 4*b - 2*b - j. What are the prime factors of b?
3, 7
Let s(u) = 2854*u**2 - 891*u - 7. List the prime factors of s(5).
2, 3, 929
What are the prime factors of (448/6)/(1/893) + 979/(-2937)?
13, 23, 223
Suppose -2*o - 4*d + 75020 = 0, 3*d - 34111 = -3*o + 78434. List the prime factors of o.
2, 5, 7, 67
Suppose 4746 = 13*p - 922. Let a = p + -248. List the prime factors of a.
2, 47
List the prime factors of 209400/(-18)*(3/(-2) - (-13 + 13)).
2, 5, 349
Let m = -19 - -8. Let p(a) be the third derivative of -a**6/120 - a**5/6 + 3*a**4/8 - 7*a**3/6 + 98*a**2 + 12*a. List the prime factors of p(m).
3, 5
Let a(x) = -2*x**2 + 17*x - 34. Let g be a(4). List the prime factors of 3484/g*(-5)/(-10).
13, 67
Let x = -310 - -243. Let r(w) = w**3 + 10*w**2 + 3*w + 5. Let d be r(-7). Let j = d + x. List the prime factors of j.
2
Let a = 1771 + -986. What are the prime factors of a?
5, 157
Let m be -3*(8 + 3091)/3. Let g = 4512 + m. What are the prime factors of g?
3, 157
Let w(u) = 5*u**2 + 4*u - 11 + u**3 + 7*u - 21*u + 5*u**2. Let i be w(-11). List the prime factors of (-4)/i - 11957/(-121).
3, 11
Suppose 0 = 32*z - 129215 - 37665. What are the prime factors of z?
5, 7, 149
List the prime factors of (-136)/(-4)*(117 + (-1)/(-3)*3).
2, 17, 59
Suppose 2 = 4*z - 2*o, 0 = 4*z + 3*o - 4*o - 3. Let f be (2 - z)/(1/111). Let k = f - 61. List the prime factors of k.
2, 5
Let w = 253 - 135. Suppose 116*b - w*b + 3766 = 0. Suppose 8*j + b = 15*j. List the prime factors of j.
269
Let r be ((-7)/(-21))/((-62)/(-60) - 1). Suppose -3*i + 5 + r = 0. List the prime factors of 5/(i/(-14))*44/(-8).
7, 11
Suppose -5*v - 5*v + 102256 = 6*v. What are the prime factors of v?
7, 11, 83
Let o = -710 + 341. Let j = -189 - o. Suppose 0 = -d - 5*d + j. List the prime factors of d.
2, 3, 5
Suppose 0 = -4*m - 714 + 4762. Suppose -2*n = -5*i - m, -5*n + 518 = -i - 2058. List the prime factors of n.
2, 3, 43
Let s = 2859 + -1236. Let l = s + -741. What are the prime factors of l?
2, 3, 7
Let v(b) = 746*b - 3633. What are the prime factors of v(17)?
9049
Suppose -5*l + 263 = 223. Suppose 5127 = -l*c + 17199. List the prime factors of c.
3, 503
Let v(l) = -49 - 68*l - 57 - 1 - 4*l. List the prime factors of v(-10).
613
Let k(h) = 4*h**3 - 15*h**2 + 10*h + 37. What are the prime factors of k(11)?
2, 457
Suppose -13*k + k + 246896 = -129004. What are the prime factors of k?
5, 7, 179
Suppose 3723 = -2*n - 5*k, -1076 = 2*n - k + 2677. Let h = 3287 + n. List the prime factors of h.
3, 157
Let x = -2006 - -7042. List the prime factors of x.
2, 1259
Let v = 139 - 108. Let c(o) = -33*o - 6 + v*o**2 + 23*o + 12*o. List the prime factors of c(2).
2, 61
Suppose 3*m = 0, -5*m = -4*q + 9 + 7. Let t be (15/(-6))/(q/(-8)). Suppose -4*a = 3*n - 689, t*n - 2*a = 1498 - 315. List the prime factors of n.
5, 47
Suppose 7*p + 2*b = 11*p - 1828, -p + 3*b + 452 = 0. Suppose -9*s - 2*u = -8*s - p, -5*s + 2*u = -2326. What are the prime factors of s?
2, 29
Suppose -5*q + 17*q = -1116. Let w = q - -209. What are the prime factors of w?
2, 29
Let b = -58 - -75. Let p = b + -2. Suppose -p*l = -21*l + 720. What are the prime factors of l?
2, 3, 5
List the prime factors of 88774 + 460/(15 - 38).
2, 199, 223
List the prime factors of (19*-1483)/(972/(-27) - -35).
19, 1483
Suppose -4*d + 3*m = -3404, -2553 = 8*d - 11*d + 4*m. List the prime factors of d.
23, 37
Suppose -11872 = -10*q - 6*q. Let x = q - 203. What are the prime factors of x?
7, 11
Suppose -3*w + 16582 = -3*a + 93877, -a - 2*w = -25753. List the prime factors of a.
3, 31, 277
Let y(a) = 1165*a + 3342. What are the prime factors of y(8)?
2, 13, 487
Let m(r) = 17*r**2 + 27*r + 344. List the prime factors of m(-19).
2, 373
Suppose 0 = -3*z - 3, -2*a + z = 3*a + 69. What are the prime factors of 1270/(-12 - a) + -4 + 1?
2, 79
Let u(a) = -a - 15. Let l(w) = w + 14. Let b(y) = -2*l(y) - 3*u(y). Suppose 0 = 24*i - 28*i + 28. List the prime factors of b(i).
2, 3
Let v(w) = 3*w**3 - 243*w**2 - 17*w - 134. List the prime factors of v(82).
2, 59, 79
Suppose -3 = -u - f + 7, -4*f + 45 = 5*u. Suppose u*j - 2 + 12 = 0. List the prime factors of (j/4)/((-1)/46).
23
List the prime factors of ((-1)/5)/(((-30)/3512050)/3).
70241
Suppose 110*m + 30 = 113*m. Let f be ((-12)/m)/(103/50 - 2). What are the prime factors of (-3084)/f + (1/5)/(-1)?
2, 7, 11
Let j(a) = 2*a**2 - 7*a - 6. Let q = -14 + 18. Suppose 3*k - q*r = 21, -r = -5*k - 0*r + 35. List the prime factors of j(k).
43
Suppose -4*i - 3*s + 85124 = 0, 30*i - 106404 = 25*i - 4*s. List the prime factors of i.
2, 17, 313
Let u be 0/((-4 + -2)/2) - -4. Suppose 3238 = 2*x + u*n, 17*x = 16*x + 4*n + 1595. List the prime factors of x.
3, 179
Suppose -v = 5*q - 4*v + 262, 5*v = -q - 58. Let k = q - -99. What are the prime factors of k?
2, 23
Let o = -572 - -978. Suppose 0 = x - 326 - 224. Suppose f + o = 4*w - 34, -5*f = 5*w - x. What are the prime factors of w?
2, 5, 11
Let h(q) = 111*q**3 - 4*q**2 - 7*q + 22. What are the prime factors of h(6)?
2, 5953
Suppose -4*f - 984 = -k, -3*k + 866 = -5*f - 357. Let m = f + 261. What are the prime factors of m?
2, 7
Let b(z) = -5*z**3 - 24*z**2 - 23*z - 39. What are the prime factors of b(-20)?
7, 17, 37
Let n(t) = -215*t - 126. What 